{"id":21646,"date":"2025-10-19T14:36:19","date_gmt":"2025-10-19T12:36:19","guid":{"rendered":"http:\/\/www.cedriclefoll.com\/?page_id=21646"},"modified":"2025-10-19T14:51:55","modified_gmt":"2025-10-19T12:51:55","slug":"a-propos","status":"publish","type":"page","link":"http:\/\/www.cedriclefoll.com\/","title":{"rendered":"A PROPOS"},"content":{"rendered":"<div class=\"wpb-content-wrapper\"><p>[vc_row row_type=\u00a0\u00bbrow\u00a0\u00bb use_row_as_full_screen_section=\u00a0\u00bbno\u00a0\u00bb type=\u00a0\u00bbfull_width\u00a0\u00bb text_align=\u00a0\u00bbleft\u00a0\u00bb background_animation=\u00a0\u00bbnone\u00a0\u00bb padding_top=\u00a0\u00bb10&Prime; padding_bottom=\u00a0\u00bb50&Prime; css_animation=\u00a0\u00bb\u00a0\u00bb][vc_column][vc_column_text css=\u00a0\u00bb\u00a0\u00bb]<\/p>\n<p data-start=\"256\" data-end=\"296\">Bienvenue sur mon portfolio !<\/p>\n<p data-start=\"298\" data-end=\"560\">Je suis graphiste passionn\u00e9 depuis plusieurs ann\u00e9es. Apr\u00e8s des \u00e9tudes artistiques qui m&rsquo;ont permis de d\u00e9velopper une sensibilit\u00e9 visuelle et une solide culture de l\u2019image, j\u2019ai affin\u00e9 mes comp\u00e9tences au fil des projets.<\/p>\n<p data-start=\"298\" data-end=\"560\">Mon parcours m\u2019a amen\u00e9 \u00e0 explorer diff\u00e9rents domaines : illustration, jeu vid\u00e9o, web design\u2026 Aujourd\u2019hui, je mets cette exp\u00e9rience au service de projets vari\u00e9s en tant que designer graphique.<\/p>\n<p data-start=\"973\" data-end=\"1010\">Bonne visite.<\/p>\n<p>[\/vc_column_text][\/vc_column][\/vc_row]<\/p>\n<\/div>","protected":false},"excerpt":{"rendered":"<p>[vc_row row_type=\u00a0\u00bbrow\u00a0\u00bb use_row_as_full_screen_section=\u00a0\u00bbno\u00a0\u00bb type=\u00a0\u00bbfull_width\u00a0\u00bb text_align=\u00a0\u00bbleft\u00a0\u00bb background_animation=\u00a0\u00bbnone\u00a0\u00bb padding_top=\u00a0\u00bb10&Prime; padding_bottom=\u00a0\u00bb50&Prime; css_animation=\u00a0\u00bb\u00a0\u00bb][vc_column][vc_column_text css=\u00a0\u00bb\u00a0\u00bb] Bienvenue sur mon portfolio ! Je suis graphiste passionn\u00e9 depuis plusieurs ann\u00e9es. Apr\u00e8s des \u00e9tudes artistiques qui m&rsquo;ont permis de d\u00e9velopper une sensibilit\u00e9 visuelle et une solide culture de l\u2019image, j\u2019ai affin\u00e9 mes comp\u00e9tences au&#8230;<\/p>\n","protected":false},"author":1,"featured_media":0,"parent":0,"menu_order":0,"comment_status":"open","ping_status":"open","template":"","meta":{"footnotes":""},"class_list":["post-21646","page","type-page","status-publish","hentry"],"_links":{"self":[{"href":"http:\/\/www.cedriclefoll.com\/index.php?rest_route=\/wp\/v2\/pages\/21646","targetHints":{"allow":["GET"]}}],"collection":[{"href":"http:\/\/www.cedriclefoll.com\/index.php?rest_route=\/wp\/v2\/pages"}],"about":[{"href":"http:\/\/www.cedriclefoll.com\/index.php?rest_route=\/wp\/v2\/types\/page"}],"author":[{"embeddable":true,"href":"http:\/\/www.cedriclefoll.com\/index.php?rest_route=\/wp\/v2\/users\/1"}],"replies":[{"embeddable":true,"href":"http:\/\/www.cedriclefoll.com\/index.php?rest_route=%2Fwp%2Fv2%2Fcomments&post=21646"}],"version-history":[{"count":4,"href":"http:\/\/www.cedriclefoll.com\/index.php?rest_route=\/wp\/v2\/pages\/21646\/revisions"}],"predecessor-version":[{"id":21658,"href":"http:\/\/www.cedriclefoll.com\/index.php?rest_route=\/wp\/v2\/pages\/21646\/revisions\/21658"}],"wp:attachment":[{"href":"http:\/\/www.cedriclefoll.com\/index.php?rest_route=%2Fwp%2Fv2%2Fmedia&parent=21646"}],"curies":[{"name":"wp","href":"https:\/\/api.w.org\/{rel}","templated":true}]}}